d 342.
57
Calculate the highest common divisor of 715 and 6149.
143
Calculate the highest common factor of 169 and 65.
13
What is the greatest common factor of 8262 and 18?
18
Calculate the greatest common factor of 324 and 16.
4
What is the highest common divisor of 42408 and 72?
72
What is the highest common factor of 1 and 149?
1
What is the highest common factor of 60 and 45?
15
Calculate the greatest common factor of 22 and 46.
2
Calculate the highest common divisor of 882 and 3150.
126
Calculate the highest common factor of 408 and 72.
24
Calculate the highest common divisor of 188 and 548.
4
What is the highest common factor of 5811 and 156?
39
What is the highest common factor of 741 and 936?
39
Calculate the highest common divisor of 126 and 686.
14
What is the greatest common factor of 132 and 12?
12
Calculate the highest common factor of 5 and 2495.
5
Calculate the highest common divisor of 8 and 59.
1
What is the highest common factor of 4407 and 78?
39
Calculate the greatest common divisor of 264 and 572.
44
Calculate the greatest common factor of 171 and 936.
9
Calculate the highest common factor of 423 and 47.
47
What is the greatest common factor of 8502 and 78?
78
What is the greatest common factor of 4495 and 725?
145
Calculate the highest common factor of 59 and 1121.
59
Calculate the highest common divisor of 1071 and 42.
21
Calculate the highest common divisor of 195 and 30.
15
What is the greatest common divisor of 2530 and 1150?
230
What is the greatest common divisor of 48 and 120?
24
What is the highest common factor of 24 and 4104?
24
What is the greatest common divisor of 18673 and 426?
71
What is the highest common divisor of 180 and 2420?
20
What is the highest common divisor of 14 and 28?
14
What is the greatest common divisor of 1038 and 114?
6
What is the highest common factor of 7922 and 68?
34
What is the greatest common divisor of 48 and 16?
16
Calculate the greatest common factor of 1030 and 10.
10
Calculate the highest common divisor of 325 and 800.
25
What is the highest common factor of 315 and 385?
35
Calculate the greatest common factor of 11 and 1969.
11
What is the greatest common divisor of 46 and 207?
23
What is the greatest common divisor of 20 and 160?
20
What is the greatest common factor of 544 and 221?
17
What is the highest common factor of 3 and 96?
3
What is the highest common factor of 36 and 1422?
18
Calculate the greatest common factor of 119 and 1020.
17
Calculate the highest common divisor of 238 and 34.
34
What is the greatest common divisor of 280 and 168?
56
Calculate the greatest common factor of 154 and 176.
22
What is the highest common divisor of 4988 and 29?
29
Calculate the greatest common factor of 52 and 338.
26
Calculate the highest common factor of 9 and 117.
9
What is the highest common factor of 21 and 12?
3
Calculate the greatest common factor of 276 and 65964.
276
Calculate the highest common divisor of 140 and 15.
5
Calculate the highest common divisor of 2668 and 184.
92
Calculate the greatest common divisor of 140 and 23380.
140
What is the highest common factor of 92 and 4?
4
Calculate the greatest common divisor of 36 and 10.
2
What is the highest common factor of 1210 and 2970?
110
Calculate the highest common factor of 18 and 26.
2
What is the greatest common factor of 275 and 50?
25
What is the greatest common divisor of 171 and 28899?
171
What is the highest common divisor of 200 and 8?
8
Calculate the greatest common divisor of 17 and 1003.
17
Calculate the highest common factor of 819 and 6461.
91
What is the highest common divisor of 13 and 13?
13
What is the greatest common divisor of 9 and 3051?
9
What is the greatest common divisor of 15 and 30?
15
What is the greatest common divisor of 558 and 6913?
31
Calculate the highest common factor of 6106 and 258.
86
Calculate the highest common factor of 530 and 10.
10
What is the highest common factor of 1980 and 72?
36
Calculate the greatest common factor of 11 and 781.
11
Calculate the highest common divisor of 267 and 89.
89
What is the highest common divisor of 5 and 2335?
5
Calculate the greatest common factor of 390 and 4992.
78
Calculate the highest common factor of 24 and 552.
24
What is the greatest common divisor of 213 and 3?
3
What is the highest common factor of 21156 and 41?
41
Calculate the highest common divisor of 4121 and 13.
13
What is the greatest common divisor of 40 and 2155?
5
What is the greatest common factor of 736 and 138?
46
What is the greatest common divisor of 111 and 12?
3
What is the greatest common divisor of 24 and 150?
6
Calculate the highest common factor of 11 and 11836.
11
Calculate the highest common factor of 27 and 27.
27
What is the greatest common factor of 45 and 5?
5
What is the greatest common divisor of 1 and 23?
1
What is the greatest common divisor of 33774 and 78?
78
What is the highest common factor of 5808 and 72?
24
Calculate the greatest common factor of 276 and 7107.
69
What is the highest common factor of 100 and 540?
20
Calculate the greatest common factor of 8784 and 864.
144
Calculate the highest common divisor of 289 and 2754.
17
What is the highest common divisor of 140 and 35?
35
What is the highest common divisor of 101471 and 29?
29
Calculate the highest common divisor of 1536 and 36.
12
Calculate the greatest common divisor of 239 and 10277.
239
What is the highest common factor of 330 and 30?
30
What is the greatest common factor of 110 and 90?
10
What is the highest common factor of 12 and 435?
3
Calculate the greatest common factor of 1264 and 869.
79
What is the greatest common factor of 72 and 396?
36
What is the highest common factor of 1 and 29?
1
Calculate the highest common factor of 84 and 300.
12
Calculate the highest common factor of 2 and 106.
2
What is the greatest common factor of 391 and 731?
17
What is the greatest common divisor of 11 and 1166?
11
What is the highest common divisor of 134 and 7303?
67
What is the greatest common divisor of 50025 and 345?
345
Calculate the greatest common factor of 36 and 384.
12
Calculate the highest common factor of 13 and 1.
1
What is the highest common divisor of 262 and 16?
2
Calculate the highest common divisor of 299 and 1656.
23
Calculate the highest common factor of 1360 and 12410.
170
Calculate the greatest common factor of 99 and 583.
11
Calculate the highest common divisor of 106 and 1.
1
What is the highest common factor of 144 and 1116?
36
What is the greatest common divisor of 3101 and 7?
7
Calculate the greatest common divisor of 105 and 13755.
105
What is the highest common divisor of 114 and 1254?
114
What is the greatest common divisor of 51 and 3264?
51
Calculate the greatest common factor of 1807 and 13.
13
What is the greatest common factor of 31978 and 118?
118
Calculate the highest common factor of 75 and 20.
5
Calculate the greatest common factor of 63 and 105.
21
What is the highest common factor of 3 and 3183?
3
What is the greatest common factor of 205 and 160?
5
What is the highest common divisor of 1334 and 46?
46
Calculate the greatest common factor of 248 and 16.
8
What is the highest common divisor of 8 and 196?
4
What is the highest common divisor of 21 and 1267?
7
Calculate the highest common factor of 56 and 644.
28
What is the highest common factor of 86 and 2494?
86
Calculate the greatest common factor of 260 and 170.
10
Calculate the highest common factor of 464 and 816.
16
What is the greatest common divisor of 94 and 188?
94
Calculate the greatest common divisor of 2184 and 91.
91
Calculate the greatest common divisor of 80 and 140.
20
Calculate the greatest common divisor of 144 and 32.
16
What is the greatest common factor of 217 and 1643?
31
Calculate the greatest common factor of 48326 and 331.
331
Calculate the greatest common divisor of 2850 and 15.
15
What is the greatest common factor of 259 and 49?
7
What is the greatest common divisor of 800 and 680?
40
Calculate the greatest common factor of 230 and 46.
46
What is the highest common divisor of 13983 and 118?
59
What is the highest common divisor of 675 and 25?
25
What is the highest common divisor of 28 and 16?
4
Calculate the highest common divisor of 117 and 1989.
117
Calculate the greates